209 is divided by 11063?
20
Calculate the remainder when 25639 is divided by 39.
16
What is the remainder when 290 is divided by 146?
144
Calculate the remainder when 53669 is divided by 12.
5
What is the remainder when 2325509 is divided by 1215?
1214
Calculate the remainder when 8323 is divided by 8314.
9
What is the remainder when 175325 is divided by 16?
13
What is the remainder when 456214 is divided by 20?
14
What is the remainder when 90426 is divided by 18?
12
Calculate the remainder when 2961 is divided by 43.
37
Calculate the remainder when 734695 is divided by 10.
5
What is the remainder when 1840448 is divided by 19?
13
What is the remainder when 339345 is divided by 67869?
0
Calculate the remainder when 211933 is divided by 2523.
1
What is the remainder when 6836 is divided by 2065?
641
Calculate the remainder when 6715 is divided by 60.
55
Calculate the remainder when 15228 is divided by 64.
60
What is the remainder when 69746 is divided by 161?
33
What is the remainder when 14257 is divided by 2647?
1022
Calculate the remainder when 57164 is divided by 566.
564
Calculate the remainder when 93522 is divided by 199.
191
What is the remainder when 11510008 is divided by 1143?
1141
What is the remainder when 3744 is divided by 42?
6
Calculate the remainder when 5675 is divided by 300.
275
What is the remainder when 12502 is divided by 891?
28
What is the remainder when 254291 is divided by 31784?
19
What is the remainder when 812 is divided by 742?
70
What is the remainder when 25399 is divided by 127?
126
Calculate the remainder when 6503 is divided by 617.
333
What is the remainder when 1703 is divided by 346?
319
Calculate the remainder when 2840 is divided by 43.
2
Calculate the remainder when 34990 is divided by 10.
0
Calculate the remainder when 8480 is divided by 326.
4
Calculate the remainder when 47565 is divided by 191.
6
What is the remainder when 2222 is divided by 700?
122
What is the remainder when 30666 is divided by 15248?
170
Calculate the remainder when 60647 is divided by 21.
20
Calculate the remainder when 54484 is divided by 158.
132
Calculate the remainder when 1509285 is divided by 18866.
5
What is the remainder when 63069 is divided by 146?
143
Calculate the remainder when 22882 is divided by 3806.
46
What is the remainder when 113745 is divided by 61?
41
What is the remainder when 2257 is divided by 118?
15
Calculate the remainder when 3709 is divided by 1850.
9
What is the remainder when 46538 is divided by 9307?
3
Calculate the remainder when 255677 is divided by 188.
185
What is the remainder when 5487 is divided by 392?
391
What is the remainder when 23055 is divided by 12?
3
What is the remainder when 290343 is divided by 21?
18
Calculate the remainder when 16141 is divided by 5341.
118
What is the remainder when 37936 is divided by 10?
6
Calculate the remainder when 1579 is divided by 69.
61
Calculate the remainder when 914 is divided by 11.
1
What is the remainder when 6813 is divided by 9?
0
Calculate the remainder when 1427471 is divided by 1104.
1103
What is the remainder when 4256 is divided by 705?
26
What is the remainder when 17711 is divided by 5821?
248
What is the remainder when 36525 is divided by 17771?
983
Calculate the remainder when 626072 is divided by 33.
29
What is the remainder when 7525 is divided by 2496?
37
What is the remainder when 1778 is divided by 165?
128
What is the remainder when 112092 is divided by 475?
467
What is the remainder when 2678 is divided by 288?
86
What is the remainder when 2140 is divided by 1017?
106
What is the remainder when 25822 is divided by 95?
77
What is the remainder when 3346 is divided by 27?
25
What is the remainder when 81665 is divided by 20?
5
What is the remainder when 18334 is divided by 33?
19
What is the remainder when 953 is divided by 153?
35
Calculate the remainder when 63769 is divided by 7081.
40
What is the remainder when 148463 is divided by 363?
359
What is the remainder when 552 is divided by 85?
42
Calculate the remainder when 813 is divided by 80.
13
What is the remainder when 1050928 is divided by 1050922?
6
Calculate the remainder when 83558 is divided by 4915.
3
Calculate the remainder when 662 is divided by 161.
18
Calculate the remainder when 13469 is divided by 629.
260
What is the remainder when 92154 is divided by 71?
67
Calculate the remainder when 1780 is divided by 1773.
7
Calculate the remainder when 22634 is divided by 187.
7
What is the remainder when 209453 is divided by 14?
13
What is the remainder when 502924 is divided by 81?
76
What is the remainder when 18344 is divided by 4573?
52
Calculate the remainder when 480386 is divided by 127.
72
What is the remainder when 4591 is divided by 156?
67
What is the remainder when 8986 is divided by 488?
202
What is the remainder when 515364 is divided by 127?
125
What is the remainder when 5227 is divided by 351?
313
What is the remainder when 247897 is divided by 157?
151
Calculate the remainder when 27226 is divided by 9072.
10
What is the remainder when 7870 is divided by 1105?
135
What is the remainder when 3185 is divided by 994?
203
What is the remainder when 11406 is divided by 173?
161
What is the remainder when 2255 is divided by 8?
7
What is the remainder when 759 is divided by 137?
74
What is the remainder when 230407 is divided by 9599?
31
Calculate the remainder when 30059 is divided by 62.
51
Calculate the remainder when 11016 is divided by 391.
68
Calculate the remainder when 21711 is divided by 5426.
7
Calculate the remainder when 309188 is divided by 490.
488
What is the remainder when 4317 is divided by 221?
118
What is the remainder when 260 is divided by 120?
20
What is the remainder when 824429 is divided by 68702?
5
Calculate the remainder when 187 is divided by 9.
7
Calculate the remainder when 225507 is divided by 247.
243
Calculate the remainder when 13558 is divided by 411.
406
What is the remainder when 103712 is divided by 41?
23
Calculate the remainder when 9555 is divided by 238.
35
What is the remainder when 513 is divided by 322?
191
What is the remainder when 1591 is divided by 315?
16
Calculate the remainder when 15565 is divided by 346.
341
Calculate the remainder when 31390 is divided by 34.
8
What is the remainder when 1286 is divided by 1281?
5
Calculate the remainder when 16982 is divided by 62.
56
Calculate the remainder when 28611 is divided by 407.
121
What is the remainder when 1125 is divided by 503?
119
What is the remainder when 514526 is divided by 84?
26
Calculate the remainder when 98179 is divided by 98170.
9
Calculate the remainder when 443317 is divided by 36942.
13
Calculate the remainder when 4548 is divided by 1514.
6
Calculate the remainder when 692341 is divided by 5.
1
What is the remainder when 54460 is divided by 91?
42
Calculate the remainder when 120738 is divided by 181.
11
What is the remainder when 12393 is divided by 214?
195
Calculate the remainder when 15543 is divided by 243.
234
What is the remainder when 704 is divided by 2?
0
What is the remainder when 3844 is divided by 630?
64
Calculate the remainder when 2549 is divided by 2533.
16
Calculate the remainder when 1918 is divided by 465.
58
What is the remainder when 322834 is divided by 1745?
9
What is the remainder when 103579 is divided by 1698?
1
Calculate the remainder when 8282 is divided by 35.
22
Calculate the remainder when 249224 is divided by 92.
88
What is the remainder when 138038 is divided by 68?
66
Calculate the remainder when 10943 is divided by 163.
22
Calculate the remainder when 5574 is divided by 1391.
10
What is the remainder when 140534 is divided by 81?
80
Calculate the remainder when 346 is divided by 108.
22
Calculate the remainder when 3472 is divided by 291.
271
Calculate the remainder when 1815272 is divided by 35.
32
Calculate the remainder when 5745 is divided by 439.
38
Calculate the remainder when 1795 is divided by 95.
85
Calculate the remainder when 3292 is divided by 178.
88
What is the remainder when 5645 is divided by 1000?
645
What is the remainder when 26135 is divided by 36?
35
What is the remainder when 176314 is divided by 5037?
19
What is the remainder when 9346 is divided by 710?
116
What is the rema